*r**2 - 48*r + 17. What are the prime factors of f(-20)?
2, 29
Suppose -n = 3, 5*i - 4*n - 13 = -8*n. Suppose -i*b + 2*z = -3255, -z + 2591 = 4*b - 0*z. List the prime factors of b.
11, 59
Let z be 672/(-5) - 4/(-10). Let y be (-2)/(-8) + 3788/16 + -18. Let w = z + y. What are the prime factors of w?
5, 17
Let w(m) = 275*m - 382. What are the prime factors of w(16)?
2, 7, 41
Suppose -7*i = -5*i - 2*a - 54, -a + 65 = 3*i. Suppose -3463 = -i*q + 1482. What are the prime factors of q?
5, 43
Suppose 0 = -90*q - 8*q + 236180. List the prime factors of q.
2, 5, 241
Let j = -371 - -362. What are the prime factors of (122/1)/(-3*2/j)?
3, 61
Let p(h) = -17*h - 1. Let j be p(-6). Let w = j + 638. Suppose d = 6*d - 4*o - w, -738 = -5*d + 3*o. What are the prime factors of d?
3, 7
Let l(o) = 16*o**2 - 21. Let h be l(-7). Suppose -5*s + h = 138. List the prime factors of s.
5
Suppose -3*g + g - y = -7279, 3*y - 18197 = -5*g. Suppose 2*p + 5*j - g = j, p = 5*j + 1841. List the prime factors of p.
2, 11, 83
Suppose 90*j - 4556220 = -642944 - 446926. List the prime factors of j.
5, 7703
Suppose -l - x = -7, 5*l - 17 = -0*x + 4*x. Suppose -a + 999 = -6*r + 9*r, -5*a - l*r = -4995. List the prime factors of a.
3, 37
Let s = -50407 + 78439. List the prime factors of s.
2, 3, 73
Let a(h) = h**3 + 13*h**2 - 2*h - 28. Let c = 122 - 132. What are the prime factors of a(c)?
2, 73
Let g(t) = -93*t**3 + 4*t**2 + 3*t - 33. List the prime factors of g(-5).
11677
Let r(p) be the third derivative of -3*p**5/2 + p**4/24 + p**3/3 + 3*p**2 - 4. Let m be r(-1). Let l = -9 - m. What are the prime factors of l?
2, 5
Suppose 217*w - 49*w - 407904 = 0. What are the prime factors of w?
2, 607
Suppose 0 = -5*g + n + 149, -3*g - 394*n = -397*n - 87. List the prime factors of g.
2, 3, 5
Let t(y) = -y**3 - 5*y**2 + 20*y - 11. Let r be t(-9). Suppose -r*j = -132*j - 237. What are the prime factors of j?
3, 79
Suppose 54*f - 167697 = 27*f. List the prime factors of f.
6211
Suppose -4*n - 4*h - 3 = -9*h, -5*h = 5. Let t be ((-8)/(-10))/((-1)/((-1285)/n)). List the prime factors of t/(-5) + 1/5.
103
Let m(u) be the third derivative of u**5/60 - 5*u**4/12 - 32*u**3/3 - u**2 + 3. What are the prime factors of m(-27)?
5, 11, 17
Suppose 78314 = 4*n - 5*d, 2*n - 39178 = 99*d - 100*d. List the prime factors of n.
2, 7, 1399
Let t be (452/2)/(3/9). Suppose -13*y = -11*y - t. Suppose -3*x - 293 = -5*l, 5*x - y = -4*l - 75. List the prime factors of l.
61
Suppose 4*k + 20 = 0, -454*k = -w - 457*k + 2124. What are the prime factors of w?
3, 23, 31
Suppose 110*t - 27*t - 285264 = 41*t. List the prime factors of t.
2, 3, 283
Let n(f) = 1190*f**2 + 41*f - 12. What are the prime factors of n(4)?
2, 2399
Let v be 0 + (-6)/(-6)*0. Suppose 0*n - 3*n + 1224 = v. Suppose -5*s + n = -917. What are the prime factors of s?
5, 53
Let x = 97404 + -11547. List the prime factors of x.
3, 28619
Let q = -1 - 42. Let j = -39 - q. Suppose 3*v - 140 = 2*o, -j*v - 7 = 5*o - 186. What are the prime factors of v?
2, 23
Suppose -12*x + 813 + 3123 = 0. Suppose 2*n = y - 244, -x = -2*y - n + 140. List the prime factors of y.
2, 59
What are the prime factors of ((-917)/2)/((-10)/(92 + 8))?
5, 7, 131
Suppose 9199 = 3*f + 2*w, -3071 = -f - 3*w + 7*w. Suppose 0 = c - 3*a - 605, 0 = 5*c - 13*a + 12*a - f. What are the prime factors of c?
2, 307
Let p(r) = r - 4. Suppose 0*c - 2*c + 8 = 0. Let y be p(c). Suppose y*j + 355 = 5*j. What are the prime factors of j?
71
Suppose 7*d + 3*d = -11*d + 123375. What are the prime factors of d?
5, 47
Suppose 0 = 18*n + 9424 - 1720. Let k = 1107 - n. What are the prime factors of k?
5, 307
List the prime factors of (4 - (-6)/(-2))*(-23 - -23) - -10850.
2, 5, 7, 31
What are the prime factors of 3454 - (0 + (106/477)/((-1)/(-18)))?
2, 3, 5, 23
Let p(u) = -31*u**3 - 8*u**2 + 15*u - 28. List the prime factors of p(-7).
2, 7, 19
Let q(p) = -5*p - 8*p**2 + 64*p**2 - 1176 + 1188. List the prime factors of q(-4).
2, 29
Let x(m) = -6*m - 8. Let f be x(-1). Let w be (8/(-14))/(f - (-72)/42). List the prime factors of (3/w)/((-872)/880 + 1).
3, 5, 11
Let h(y) = 9*y**2 - 18*y - 264. What are the prime factors of h(20)?
2, 3, 31
Let d = 30 - 36. Let r be ((-1)/(-1))/(d/(-48)). Suppose -11*z + r + 14 = 0. What are the prime factors of z?
2
Suppose -12*k + 420 = 2*k. What are the prime factors of 10/4*(6 + 9048/k)?
769
Suppose -2*n = -3*t + 491 + 454, n - 1575 = -5*t. Let j = t + 6. What are the prime factors of j?
3, 107
Let h = -180 - -183. Suppose -1629 = -h*g - 510. List the prime factors of g.
373
Let d be (-3 + 2)/(1/(-86)). Suppose -2*i - w = d, 4*i - w + 186 = 4*w. List the prime factors of (-11)/i - 71/(-4).
2, 3
Suppose 0 = 2*l - 2, -2*k - 3*k + 80 = -5*l. Let a(n) = 8*n - n - 16*n + 0*n + 49 + 8*n. List the prime factors of a(k).
2
Let j(a) = 2*a - 9. Let k be j(6). Suppose 2*c = 5*s - 141 + 1064, k*c = -3*s + 1395. What are the prime factors of c?
2, 29
Let f be (-11690)/(-40) + 1/(-4). Suppose -4*z + f = -1104. List the prime factors of z.
349
Suppose -4*n - 1070 + 8726 = 3*g, 3*n - 2*g - 5725 = 0. Let r = n + -903. Suppose -5*l + 5*d = -67 - 973, 0 = 5*l + 3*d - r. List the prime factors of l.
2, 3, 17
Suppose 1753 = 4*r - 3527. Suppose x - 5*x - 2*a + 1340 = 0, -3*a = -4*x + r. List the prime factors of x.
3, 37
Suppose -4*v - 282 = 2*k, -3*v - 150 = k + 2*v. Let x be -3*10/k + 14/18. List the prime factors of 2 + x + 4 + 53.
2, 3, 5
What are the prime factors of 164656/10 - 16/((-1120)/(-42))?
5, 37, 89
Suppose -v + 2*o + 14294 = v, -4*o = -12. List the prime factors of v.
2, 5, 11, 13
Let o be 3 + -2 + 2 + 3. Suppose -2*k + 112 = -3*j, -o*k + 4*k - 2*j = -112. What are the prime factors of k?
2, 7
Let s(b) = 2*b**3 - 2. Let p(t) = -5*t**3 + 4*t**2 - 12*t - 9. Let n(m) = -p(m) - 3*s(m). List the prime factors of n(-8).
5, 7
Let z(p) = 3661*p**2 - 688*p - 2045. What are the prime factors of z(-3)?
2, 13, 317
Let l(h) = 5*h**3 + 28*h**2 + 45*h - 80. Let u(x) = 2*x**3 + 14*x**2 + 22*x - 40. Let i(a) = -3*l(a) + 7*u(a). List the prime factors of i(14).
2, 113
Let o(s) = -2*s + 80. Let m be 15/(-4) - (-9)/12 - 18. Let l = m + 21. What are the prime factors of o(l)?
2, 5
Let d = 6645 - -19123. What are the prime factors of d?
2, 3221
Let i = 229 - 257. What are the prime factors of 29301/63 + i/294?
3, 5, 31
Suppose -3*t = 2*p - 48417, -4*t - p = -7*t + 48426. List the prime factors of t.
16141
What are the prime factors of (1*(-42477)/2)/(141/(-94))?
14159
Let a(f) = 1936*f - 4053. What are the prime factors of a(17)?
28859
Let i be (-170)/(-8) + 126/(-24) + 5. Let t(k) = 46*k - 110. What are the prime factors of t(i)?
2, 107
What are the prime factors of (-10786550)/172*(144/(-30) + 4)?
2, 5, 29, 173
What are the prime factors of 3*2 - (0 - (-56589)/(-13))?
3, 1453
Suppose -5*h + 29 + 1 = -5*m, -h - 3*m - 14 = 0. Let y be (-9 - 5)*h*2/(-4). Suppose 0 = -y*k + 18*k - 2189. What are the prime factors of k?
199
Let i(x) = 82*x**3 + 4*x**2 - 28*x + 136. List the prime factors of i(4).
2, 23, 29
Let l be (540/(-14))/((-1)/7). Suppose 0 = -2*d - 3*d + l. What are the prime factors of (3 - 7) + d/2?
23
Let k(h) = -636*h - 140. What are the prime factors of k(-20)?
2, 5, 17, 37
Let m(s) = -2*s**2 - 16*s + 4. Suppose -6*u - 26 = 22. Let z be m(u). Suppose z*w - 670 = -6*w. List the prime factors of w.
67
Suppose 49957 = -77*o + 134349. What are the prime factors of o?
2, 137
Let a = -135 + 140. Suppose 5 = -a*f, 4*o - 2295 = 6*f - 3*f. What are the prime factors of o?
3, 191
Let c be 3 + ((-1)/(-4))/((-1)/(-28)). Suppose -3*w + 3*u - 288 = 0, -5*w - u = -c*w - 472. Let b = 76 - w. What are the prime factors of b?
2, 5, 17
Let l(y) = 4*y**3 + 2 - 24*y**2 - 28 - 12*y - 5*y**3 - 50. List the prime factors of l(-24).
2, 53
Let f = -185 - -276. Let t = -65 + f. Suppose 0 = -3*k + 40 + t. What are the prime factors of k?
2, 11
Suppose -43011 = -3*l + 3*i, 3*l - i - 23023 - 19992 = 0. What are the prime factors of l?
13, 1103
Let i(k) = -2*k**3 - 5*k**2 - k + 1. Let r be i(-2). Let w be (-20 - -15)*(-1)/r. Let f = 49 + w. List the prime factors of f.
2, 11
Let h(y) = -y**2 + y + 13. Let b be h(5). Let g = 10 + b. Suppose -3*q = 8 + 7, -2*x - g*q = -285. What are the prime factors of x?
2, 3, 5
Suppose -10*t +